actors of 1132068?
2, 3, 7, 13477
List the prime factors of 10448025.
3, 5, 7, 2843
What are the prime factors of 4920924?
2, 3, 19, 113, 191
List the prime factors of 4393.
23, 191
List the prime factors of 75597.
3, 113, 223
List the prime factors of 4240479.
3, 509, 2777
What are the prime factors of 1858242?
2, 3, 309707
List the prime factors of 11375839.
17, 669167
What are the prime factors of 1123240?
2, 5, 28081
What are the prime factors of 1778574?
2, 3, 7, 17, 47, 53
What are the prime factors of 107424?
2, 3, 373
List the prime factors of 6188365.
5, 607, 2039
What are the prime factors of 3811180?
2, 5, 29, 6571
List the prime factors of 6715996.
2, 7, 239857
What are the prime factors of 78373?
181, 433
List the prime factors of 27899015.
5, 29, 192407
What are the prime factors of 75187?
7, 23, 467
List the prime factors of 37006617.
3, 43, 286873
List the prime factors of 155476.
2, 47, 827
List the prime factors of 168805.
5, 7, 13, 53
What are the prime factors of 14023167?
3, 67, 69767
What are the prime factors of 2993118?
2, 3, 233, 2141
List the prime factors of 2998188.
2, 3, 17, 23, 71
List the prime factors of 349249.
71, 4919
List the prime factors of 240959.
240959
List the prime factors of 225387.
3, 79, 317
List the prime factors of 445270.
2, 5, 7, 6361
What are the prime factors of 2875531?
313, 9187
List the prime factors of 4640462.
2, 41, 56591
List the prime factors of 583154.
2, 11, 13, 2039
List the prime factors of 123327.
3, 71, 193
What are the prime factors of 355945?
5, 257, 277
List the prime factors of 8725502.
2, 4362751
What are the prime factors of 18882956?
2, 307, 15377
List the prime factors of 59579.
13, 4583
List the prime factors of 5552947.
5552947
What are the prime factors of 33617?
33617
What are the prime factors of 237065?
5, 17, 2789
List the prime factors of 20507185.
5, 17, 241261
What are the prime factors of 1297026?
2, 3, 24019
List the prime factors of 71625.
3, 5, 191
What are the prime factors of 131149?
131149
What are the prime factors of 53577?
3, 5953
What are the prime factors of 423264?
2, 3, 4409
List the prime factors of 257547.
3, 293
What are the prime factors of 649356?
2, 3, 53, 1021
List the prime factors of 415922.
2, 13, 17, 941
What are the prime factors of 218409?
3, 47, 1549
List the prime factors of 194382.
2, 3, 10799
List the prime factors of 51036.
2, 3, 4253
List the prime factors of 4865974.
2, 2432987
List the prime factors of 2978341.
113, 26357
List the prime factors of 5145176.
2, 179, 3593
List the prime factors of 682404.
2, 3, 19, 41, 73
What are the prime factors of 927368?
2, 13, 37, 241
What are the prime factors of 12251?
12251
What are the prime factors of 207634?
2, 7, 14831
List the prime factors of 2335189.
269, 8681
What are the prime factors of 55139?
7, 7877
What are the prime factors of 643929?
3, 11, 13, 19, 79
What are the prime factors of 56580?
2, 3, 5, 23, 41
List the prime factors of 949795.
5, 7, 11, 2467
List the prime factors of 1164211.
17, 68483
What are the prime factors of 26471?
103, 257
List the prime factors of 17756129.
17756129
What are the prime factors of 316767?
3, 11, 29, 331
List the prime factors of 787393.
79, 9967
What are the prime factors of 19472402?
2, 31, 127, 2473
List the prime factors of 1635333.
3, 7, 43, 1811
List the prime factors of 152564.
2, 43, 887
List the prime factors of 3369600.
2, 3, 5, 13
List the prime factors of 642091.
23, 27917
List the prime factors of 2961880.
2, 5, 74047
List the prime factors of 11737767.
3, 41, 95429
What are the prime factors of 2694235?
5, 59, 9133
What are the prime factors of 35913729?
3, 43, 199, 1399
What are the prime factors of 551572?
2, 7, 19699
What are the prime factors of 245994?
2, 3, 7, 5857
What are the prime factors of 32686342?
2, 13, 17, 73951
List the prime factors of 728305.
5, 145661
What are the prime factors of 1290773?
11, 271, 433
What are the prime factors of 6790277?
13, 19, 37, 743
List the prime factors of 20389511.
17, 337, 3559
List the prime factors of 407381.
13, 31337
What are the prime factors of 6709050?
2, 3, 5, 17, 877
List the prime factors of 2320807.
2320807
What are the prime factors of 164577?
3, 7, 17, 461
List the prime factors of 928248.
2, 3, 38677
What are the prime factors of 206632?
2, 23, 1123
What are the prime factors of 1873535?
5, 367, 1021
What are the prime factors of 8315676?
2, 3, 37, 2081
What are the prime factors of 1030600?
2, 5, 5153
List the prime factors of 18489489.
3, 17, 19, 19081
List the prime factors of 66240.
2, 3, 5, 23
List the prime factors of 138862.
2, 69431
What are the prime factors of 6040068?
2, 3, 503339
What are the prime factors of 2798627?
13, 215279
What are the prime factors of 383581?
11, 34871
List the prime factors of 9742326.
2, 3, 11, 17, 19, 457
List the prime factors of 14269431.
3, 11, 383, 1129
What are the prime factors of 1035950?
2, 5, 20719
List the prime factors of 165663.
3, 79, 233
List the prime factors of 466874.
2, 233437
What are the prime factors of 4872520?
2, 5, 181, 673
What are the prime factors of 305387?
19, 16073
List the prime factors of 446607.
3, 7, 17, 139
What are the prime factors of 152521?
43, 3547
List the prime factors of 18382372.
2, 17, 270329
List the prime factors of 5675806.
2, 61, 46523
List the prime factors of 3489022.
2, 103, 16937
List the prime factors of 35618.
2, 11, 1619
What are the prime factors of 4806083?
29, 103, 1609
What are the prime factors of 635367?
3, 211789
List the prime factors of 18358051.
1583, 11597
List the prime factors of 17844390.
2, 3, 5, 17, 107, 109
List the prime factors of 4050113.
73, 109, 509
List the prime factors of 1460538.
2, 3, 17, 37, 43
What are the prime factors of 1532335?
5, 7, 43781
List the prime factors of 1198971.
3, 101, 1319
What are the prime factors of 281672?
2, 137, 257
What are the prime factors of 3057277?
67, 45631
What are the prime factors of 32626?
2, 11, 1483
List the prime factors of 2515681.
7, 31, 11593
What are the prime factors of 730508?
2, 182627
List the prime factors of 66577.
7, 9511
What are the prime factors of 503174?
2, 7, 127, 283
What are the prime factors of 658659?
3, 181, 1213
What are the prime factors of 1335977?
1335977
List the prime factors of 2798061.
3, 7, 133241
List the prime factors of 12297637.
11, 1117967
What are the prime factors of 3234415?
5, 646883
What are the prime factors of 2277876?
2, 3, 189823
List the prime factors of 262322.
2, 31, 4231
What are the prime factors of 135572?
2, 33893
List the prime factors of 645937.
645937
What are the prime factors of 3455615?
5, 37, 18679
List the prime factors of 14414852.
2, 3603713
List the prime factors of 1710704.
2, 31, 3449
List the prime factors of 4044530.
2, 5, 7, 19, 3041
List the prime factors of 6291505.
5, 11, 73, 1567
What are the prime factors of 985250?
2, 5, 7, 563
What are the prime factors of 212858?
2, 71, 1499
List the prime factors of 2794856.
2, 349357
List the prime factors of 98810.
2, 5, 41, 241
What are the prime factors of 1178926?
2, 7, 107, 787
List the prime factors of 9744.
2, 3, 7, 29
What are the prime factors of 1705844?
2, 7, 60923
What are the prime factors of 571276?
2, 251, 569
List the prime factors of 4300931.
23, 67, 2791
List the prime factors of 5923363.
47, 193, 653
What are the prime factors of 5619363?
3, 1873121
List the prime factors of 11181845.
5, 2236369
List the prime factors of 350893.
211, 1663
List the prime factors of 8599863.
3, 29, 98849
What are the prime factors of 691300?
2, 5, 31, 223
List the prime factors of 4820558.
2, 43, 56053
What are the prime factors of 231341?
11, 21031
What are the prime factors of 31857?
3, 7, 37, 41
List the prime factors of 5327260.
2, 5, 23, 37, 313
List the prime factors of 518375.
5, 11, 13, 29
What are the prime factors of 25371434?
2, 11, 1153247
What are the prime factors of 1433651?
173, 8287
List the prime factors of 938486.
2, 19, 24697
What are the prime factors of 9180184?
2, 13, 103, 857
What are the prime factors of 494737?
494737
What are the prime factors of 9951687?
3, 19, 1021
What are the prime factors of 1088811?
3, 311, 389
List the prime factors of 263239.
263239
What are 